271
List the prime factors of 1421195183.
9941, 142963
List the prime factors of 1653820912.
2, 103363807
What are the prime factors of 255202582?
2, 4723, 27017
List the prime factors of 252224924.
2, 7, 19, 24953
List the prime factors of 9632286.
2, 3, 71, 7537
List the prime factors of 1732659697.
691, 2507467
What are the prime factors of 316960985?
5, 11, 5762927
List the prime factors of 40595014.
2, 17, 1193971
List the prime factors of 127891683.
3, 4736729
List the prime factors of 2632441.
7, 376063
List the prime factors of 1005627268.
2, 73, 587, 5867
List the prime factors of 52752888.
2, 3, 383, 1913
What are the prime factors of 177902012?
2, 103, 431801
What are the prime factors of 123565735?
5, 24713147
List the prime factors of 62873644.
2, 15718411
List the prime factors of 2097857031.
3, 311, 2248507
What are the prime factors of 38601356?
2, 17, 567667
What are the prime factors of 1029207709?
29, 43, 825347
What are the prime factors of 1673947678?
2, 13, 593, 108571
List the prime factors of 17379386.
2, 89, 163, 599
List the prime factors of 140980378.
2, 7, 11, 233, 3929
What are the prime factors of 6059390?
2, 5, 41, 14779
List the prime factors of 8154341.
13, 627257
What are the prime factors of 142291527?
3, 7, 73, 101, 919
What are the prime factors of 14533600?
2, 5, 37, 491
List the prime factors of 237553197.
3, 7, 11312057
List the prime factors of 5457501503.
29, 188189707
List the prime factors of 946630096.
2, 1669, 35449
List the prime factors of 349737270.
2, 3, 5, 149, 78241
List the prime factors of 18113349.
3, 41, 147263
What are the prime factors of 417852051?
3, 179, 778123
List the prime factors of 75403202.
2, 7, 127, 42409
List the prime factors of 229008472.
2, 7, 11, 33797
List the prime factors of 973084140.
2, 3, 5, 7, 15761
List the prime factors of 186232435.
5, 1361, 27367
List the prime factors of 487120630.
2, 5, 167, 291689
What are the prime factors of 20108003?
23, 97, 9013
List the prime factors of 1367884423.
19, 71993917
What are the prime factors of 428486479?
17, 25205087
List the prime factors of 1931634119.
1931634119
List the prime factors of 2090697107.
2090697107
What are the prime factors of 26020453?
29, 193, 4649
List the prime factors of 663168581.
79, 8394539
What are the prime factors of 18839734?
2, 29, 37, 8779
What are the prime factors of 1255122642?
2, 3, 1663, 125789
What are the prime factors of 1621085009?
1621085009
What are the prime factors of 593366601?
3, 197788867
List the prime factors of 1693643805.
3, 5, 7, 5376647
What are the prime factors of 10111974?
2, 3, 17, 99137
What are the prime factors of 80935145?
5, 421, 38449
List the prime factors of 36723537.
3, 453377
List the prime factors of 43084323.
3, 43, 163, 683
List the prime factors of 659625628.
2, 164906407
What are the prime factors of 2142936146?
2, 13, 79, 1043299
What are the prime factors of 4180401320?
2, 5, 17, 157, 39157
What are the prime factors of 264571493?
17, 15563029
List the prime factors of 18317083.
19, 127, 7591
What are the prime factors of 278226260?
2, 5, 13, 587, 1823
List the prime factors of 97701280.
2, 5, 610633
What are the prime factors of 148738811?
13, 719, 15913
What are the prime factors of 905129337?
3, 7, 47, 917051
List the prime factors of 3878885755.
5, 103, 457, 16481
What are the prime factors of 656996528?
2, 41062283
What are the prime factors of 1878934545?
3, 5, 251, 166351
List the prime factors of 187092553.
41, 1697, 2689
What are the prime factors of 15099005?
5, 3019801
List the prime factors of 60774050.
2, 5, 23, 43, 1229
What are the prime factors of 2119996667?
577, 607, 6053
What are the prime factors of 51969999?
3, 17323333
What are the prime factors of 599738576?
2, 37483661
List the prime factors of 58152089.
58152089
List the prime factors of 1785611692.
2, 446402923
What are the prime factors of 516414916?
2, 17, 7594337
What are the prime factors of 244018582?
2, 967, 126173
What are the prime factors of 55825944?
2, 3, 2326081
List the prime factors of 728106703.
31, 661, 35533
List the prime factors of 680499535.
5, 19, 109, 65717
List the prime factors of 1059833767.
23, 46079729
List the prime factors of 69830148.
2, 3, 5819179
List the prime factors of 272845566.
2, 3, 7, 173, 12517
What are the prime factors of 2187142070?
2, 5, 31, 89, 79273
What are the prime factors of 38786766?
2, 3, 31, 151, 1381
What are the prime factors of 39014157?
3, 7, 13, 10993
What are the prime factors of 3978713410?
2, 5, 7, 61, 931783
List the prime factors of 37656828.
2, 3, 11, 95093
List the prime factors of 959587453.
11, 87235223
What are the prime factors of 124748066?
2, 59, 587, 1801
List the prime factors of 61040508.
2, 3, 5086709
What are the prime factors of 8476235526?
2, 3, 11, 67, 1916833
What are the prime factors of 5339392772?
2, 7, 41, 523, 8893
What are the prime factors of 11547783?
3, 13, 229, 431
What are the prime factors of 181797688?
2, 257, 88423
What are the prime factors of 282269896?
2, 3659, 9643
List the prime factors of 8614821.
3, 37, 77611
List the prime factors of 970415229.
3, 7, 46210249
What are the prime factors of 1282272270?
2, 3, 5, 42742409
What are the prime factors of 23322737?
23322737
What are the prime factors of 2440805898?
2, 3, 1439, 282697
What are the prime factors of 2283565368?
2, 3, 7, 313, 43427
What are the prime factors of 392843479?
7, 56120497
List the prime factors of 882183077.
449, 1964773
List the prime factors of 2598567.
3, 607, 1427
What are the prime factors of 2862175603?
7, 313, 186619
What are the prime factors of 331396720?
2, 5, 587, 7057
What are the prime factors of 1385105891?
13, 941, 113227
List the prime factors of 23631115.
5, 743, 6361
What are the prime factors of 1384311869?
1549, 893681
What are the prime factors of 42503585?
5, 739, 11503
What are the prime factors of 854482502?
2, 3307, 129193
What are the prime factors of 11006744?
2, 7, 196549
List the prime factors of 47973633.
3, 61, 262151
What are the prime factors of 991917258?
2, 3, 17, 421, 23099
List the prime factors of 5182433031.
3, 1259, 1372103
List the prime factors of 679159952.
2, 461, 92077
List the prime factors of 1930387485.
3, 5, 13, 17, 582319
What are the prime factors of 199903164?
2, 3, 16658597
List the prime factors of 625245805.
5, 17, 977, 7529
List the prime factors of 2106436757.
2099, 1003543
What are the prime factors of 32780751?
3, 10926917
What are the prime factors of 4958259368?
2, 977, 634373
List the prime factors of 758300627.
7, 53, 59, 101
What are the prime factors of 282591053?
282591053
List the prime factors of 42421615.
5, 8484323
List the prime factors of 13510994.
2, 7, 37, 26083
List the prime factors of 189234443.
43, 4400801
What are the prime factors of 12323656?
2, 97, 15881
What are the prime factors of 542842488?
2, 3, 31, 243209
List the prime factors of 1103019304.
2, 1049, 131437
What are the prime factors of 44044456?
2, 233, 23629
List the prime factors of 1228435790.
2, 5, 122843579
What are the prime factors of 1095937735?
5, 219187547
List the prime factors of 358686851.
358686851
What are the prime factors of 6339560217?
3, 2113186739
What are the prime factors of 313262265?
3, 5, 131, 159421
What are the prime factors of 5297042337?
3, 1765680779
What are the prime factors of 2503407576?
2, 3, 137, 761377
List the prime factors of 612096080.
2, 5, 653, 11717
What are the prime factors of 629943514?
2, 67, 4701071
What are the prime factors of 448242829?
448242829
What are the prime factors of 985534961?
985534961
List the prime factors of 47777833.
41, 613, 1901
List the prime factors of 117994500.
2, 3, 5, 13, 2017
List the prime factors of 613728902.
2, 306864451
List the prime factors of 5053296956.
2, 1263324239
List the prime factors of 1528590632.
2, 17, 173, 64969
List the prime factors of 224764325.
5, 8990573
List the prime factors of 3184138.
2, 1592069
List the prime factors of 98740487.
31, 3185177
List the prime factors of 223844718.
2, 3, 73, 511061
What are the prime factors of 6614677?
6614677
List the prime factors of 35172819.
3, 11, 19, 23, 271
What are the prime factors of 5037043957?
11, 151, 3032537
What are t